{"id":8441,"date":"2019-06-22T14:49:17","date_gmt":"2019-06-22T13:49:17","guid":{"rendered":"https:\/\/www.kaineder.at\/wordpress\/?page_id=8441"},"modified":"2026-04-16T15:16:36","modified_gmt":"2026-04-16T14:16:36","slug":"kontakt-2","status":"publish","type":"page","link":"https:\/\/www.kaineder.at\/wordpress\/kontakt-2\/","title":{"rendered":"Kontakt"},"content":{"rendered":"<h4><span style=\"color: #808080;\"><strong><a href=\"https:\/\/www.kaineder.at\/wordpress\/wp-content\/uploads\/2021\/03\/Themen_SUMMA_fk.jpg\"><img loading=\"lazy\" decoding=\"async\" class=\"size-medium wp-image-9878 alignleft\" src=\"https:\/\/www.kaineder.at\/wordpress\/wp-content\/uploads\/2021\/03\/Themen_SUMMA_fk-249x300.jpg\" alt=\"Die Botschaften an die Welt\" width=\"249\" height=\"300\" srcset=\"https:\/\/www.kaineder.at\/wordpress\/wp-content\/uploads\/2021\/03\/Themen_SUMMA_fk-249x300.jpg 249w, https:\/\/www.kaineder.at\/wordpress\/wp-content\/uploads\/2021\/03\/Themen_SUMMA_fk-124x150.jpg 124w, https:\/\/www.kaineder.at\/wordpress\/wp-content\/uploads\/2021\/03\/Themen_SUMMA_fk.jpg 453w\" sizes=\"auto, (max-width: 249px) 100vw, 249px\" \/><\/a>Mag. Ferdinand KAINEDER<\/strong><\/span><br \/>\n<span style=\"color: #808080;\"><strong>Innerer Graben<\/strong><\/span><br \/>\n<span style=\"color: #808080;\"><strong>A-4100 Ottensheim<\/strong><\/span><\/h4>\n<p>EMAIL ferdinand@kaineder.at<br \/>\nMOBIL +43 699 1503 2847<\/p>\n<p>www.kaineder.at<\/p>\n<p><span style=\"color: #808080;\">Wenn Sie mich kontaktieren, dann bitte \u00fcber Telefon und Email.<\/span><\/p>\n<p><em>Auf Social Media Kan\u00e4len bin ich pr\u00e4sent mit @fkaineder (Instagram, Facebook, Bluesky, LinkedIn, Xing),\u00a0 <\/em><em>aber nicht immer dort. Das hat mit meiner Sicht auf die Welt zu tun. Ich bin n\u00e4mlich der Ansicht, dass diese Plattformen &#8222;<a href=\"https:\/\/www.kaineder.at\/wordpress\/times-of-crises-time-to-share-visions-and-actions-new-communication-technologies-opportunities-and-dangers\/\" target=\"_blank\" rel=\"noopener noreferrer\">digitale Gasth\u00e4user<\/a>&#8220; sind. Und ich sitze auch nicht 24 Stunden beim &#8222;haptischen Wirt&#8220;. Dort schaue ich vorbei, h\u00f6re zu und\/oder erz\u00e4hle etwas und bin dann wieder weg.<br \/>\n<\/em><\/p>\n<p>&nbsp;<\/p>\n<p>&nbsp;<\/p>\n<p>&nbsp;<\/p>\n<p>&nbsp;<\/p>\n<p>&nbsp;<\/p>\n<p>&nbsp;<\/p>\n","protected":false},"excerpt":{"rendered":"<p>Mag. Ferdinand KAINEDER Innerer Graben A-4100 Ottensheim EMAIL ferdinand@kaineder.at MOBIL +43 699 1503 2847 www.kaineder.at Wenn Sie mich kontaktieren, dann bitte \u00fcber Telefon und Email. Auf Social Media Kan\u00e4len bin ich pr\u00e4sent mit @fkaineder (Instagram, Facebook, Bluesky, LinkedIn, Xing),\u00a0 aber nicht immer dort. Das hat mit meiner Sicht auf die Welt zu tun. Ich bin &hellip; <\/p>\n<p><a class=\"more-link btn\" href=\"https:\/\/www.kaineder.at\/wordpress\/kontakt-2\/\">Weiterlesen<\/a><\/p>\n","protected":false},"author":1,"featured_media":0,"parent":0,"menu_order":0,"comment_status":"closed","ping_status":"closed","template":"","meta":{"footnotes":""},"class_list":["post-8441","page","type-page","status-publish","hentry","nodate","item-wrap"],"_links":{"self":[{"href":"https:\/\/www.kaineder.at\/wordpress\/wp-json\/wp\/v2\/pages\/8441","targetHints":{"allow":["GET"]}}],"collection":[{"href":"https:\/\/www.kaineder.at\/wordpress\/wp-json\/wp\/v2\/pages"}],"about":[{"href":"https:\/\/www.kaineder.at\/wordpress\/wp-json\/wp\/v2\/types\/page"}],"author":[{"embeddable":true,"href":"https:\/\/www.kaineder.at\/wordpress\/wp-json\/wp\/v2\/users\/1"}],"replies":[{"embeddable":true,"href":"https:\/\/www.kaineder.at\/wordpress\/wp-json\/wp\/v2\/comments?post=8441"}],"version-history":[{"count":17,"href":"https:\/\/www.kaineder.at\/wordpress\/wp-json\/wp\/v2\/pages\/8441\/revisions"}],"predecessor-version":[{"id":11602,"href":"https:\/\/www.kaineder.at\/wordpress\/wp-json\/wp\/v2\/pages\/8441\/revisions\/11602"}],"wp:attachment":[{"href":"https:\/\/www.kaineder.at\/wordpress\/wp-json\/wp\/v2\/media?parent=8441"}],"curies":[{"name":"wp","href":"https:\/\/api.w.org\/{rel}","templated":true}]}}

<h4><span style="color: #808080;"><strong><a href="https://www.kaineder.at/wordpress/wp-content/uploads/2021/03/Themen_SUMMA_fk.jpg"><img loading="lazy" decoding="async" class="size-medium wp-image-9878 alignleft" src="https://www.kaineder.at/wordpress/wp-content/uploads/2021/03/Themen_SUMMA_fk-249x300.jpg" alt="Die Botschaften an die Welt" width="249" height="300" srcset="https://www.kaineder.at/wordpress/wp-content/uploads/2021/03/Themen_SUMMA_fk-249x300.jpg 249w, https://www.kaineder.at/wordpress/wp-content/uploads/2021/03/Themen_SUMMA_fk-124x150.jpg 124w, https://www.kaineder.at/wordpress/wp-content/uploads/2021/03/Themen_SUMMA_fk.jpg 453w" sizes="auto, (max-width: 249px) 100vw, 249px" /></a>Mag. Ferdinand KAINEDER</strong></span><br />
<span style="color: #808080;"><strong>Innerer Graben</strong></span><br />
<span style="color: #808080;"><strong>A-4100 Ottensheim</strong></span></h4>
<p>EMAIL ferdinand@kaineder.at<br />
MOBIL +43 699 1503 2847</p>
<p>www.kaineder.at</p>
<p><span style="color: #808080;">Wenn Sie mich kontaktieren, dann bitte über Telefon und Email.</span></p>
<p><em>Auf Social Media Kanälen bin ich präsent mit @fkaineder (Instagram, Facebook, Bluesky, LinkedIn, Xing),  </em><em>aber nicht immer dort. Das hat mit meiner Sicht auf die Welt zu tun. Ich bin nämlich der Ansicht, dass diese Plattformen &#8222;<a href="https://www.kaineder.at/wordpress/times-of-crises-time-to-share-visions-and-actions-new-communication-technologies-opportunities-and-dangers/" target="_blank" rel="noopener noreferrer">digitale Gasthäuser</a>&#8220; sind. Und ich sitze auch nicht 24 Stunden beim &#8222;haptischen Wirt&#8220;. Dort schaue ich vorbei, höre zu und/oder erzähle etwas und bin dann wieder weg.<br />
</em></p>
<p>&nbsp;</p>
<p>&nbsp;</p>
<p>&nbsp;</p>
<p>&nbsp;</p>
<p>&nbsp;</p>
<p>&nbsp;</p>

<p>Mag. Ferdinand KAINEDER Innerer Graben A-4100 Ottensheim EMAIL ferdinand@kaineder.at MOBIL +43 699 1503 2847 www.kaineder.at Wenn Sie mich kontaktieren, dann bitte über Telefon und Email. Auf Social Media Kanälen bin ich präsent mit @fkaineder (Instagram, Facebook, Bluesky, LinkedIn, Xing),  aber nicht immer dort. Das hat mit meiner Sicht auf die Welt zu tun. Ich bin &hellip; </p>
<p><a class="more-link btn" href="https://www.kaineder.at/wordpress/kontakt-2/">Weiterlesen</a></p>
